 h + k. What is the tens digit of f?
6
Let m(j) = 8*j - 13. Let a be m(2). Let u be 2/a*-3 + 16. Let v = 130 - u. What is the units digit of v?
6
Let g(h) = 2656*h**2 + 15*h + 32. Let z be g(-2). Suppose -12*i = -5*i - z. What is the thousands digit of i?
1
Suppose 4*q - d = 9*q + 9982, 0 = -3*q - 4*d - 5996. What is the tens digit of (q/4)/(-4 - 9/(-3))?
9
Let s(m) = -12*m**3 + 3*m + 1. Let y(r) be the first derivative of r**4/4 - r**2/2 + 3. Let a(c) = s(c) + 2*y(c). What is the units digit of a(-1)?
0
What is the hundreds digit of 11 - ((-69)/115 + 715668/(-20))?
7
Suppose i - 4*v - 620 = -551, 5*i - 5*v = 390. What is the tens digit of i?
8
Let v(u) = -32*u**3 - 118*u**2 - 349*u - 15. What is the tens digit of v(-3)?
3
Let o = 792 - 557. Let v = 119 + 217. Let y = v - o. What is the units digit of y?
1
Let n be (0 - -1)*-35*(-28)/28. Suppose n*o - 14 = 28*o. Suppose 3*k + 0*k + f = 120, -o*f = -5*k + 200. What is the units digit of k?
0
Suppose 48766 + 10780 = 19*v. What is the units digit of v?
4
Let f = 103531 + -72026. What is the units digit of f?
5
Let j(b) = b**3 - 18*b**2 + 7*b - 18. Let g be (-22)/3*(-9)/3. Let y be (0 + -2)*2 + g. What is the hundreds digit of j(y)?
1
Let o(u) = 2*u**3 - 8*u**2 + 9*u + 11. Let s(k) = -3*k**3 + 6*k**2 - 9*k - 10. Let i(m) = -4*o(m) - 3*s(m). What is the hundreds digit of i(-10)?
4
Suppose 815*i - 865*i + 1032906 = -1175444. What is the hundreds digit of i?
1
What is the ten thousands digit of (1120108/72 + (-2)/(-4))/((-22)/(-99))?
7
Suppose 3*a = z + 10148, -5*z + 3047 + 341 = a. Let d = a + -2210. What is the hundreds digit of d?
1
What is the units digit of (213/(-213))/(1 - (-2743)/(-2742))?
2
Let y = -275 - -278. Suppose y*z + 2675 = 4*j, 6*j = 5*j + 3*z + 680. What is the units digit of j?
5
Let o = -137 - -195. Suppose 3*x - o = -43. Suppose 4*g + 2*v = 5*v + 48, -x*g + 71 = -v. What is the tens digit of g?
1
Let m(d) = 186*d + 3858. What is the tens digit of m(0)?
5
Suppose -28*f = 4 - 32. What is the tens digit of f + -1 + (241 - -47)?
8
Let o(u) = 2*u**2 + 6*u + 4. Let c be o(-5). Suppose 4 - c = v. Let g = 67 - v. What is the tens digit of g?
8
Let v = 75 - 20. Let k = v - 50. Suppose -2*s + c + 168 = 0, 3*c + 423 = k*s - c. What is the units digit of s?
3
Let x be (-1 + 0)*-1 + 1/1. What is the tens digit of ((-102)/(-4) - 9/(-18)) + x?
2
Let p(z) = z**3 + 241. Let s be p(0). Suppose 2646 + 3564 = -45*q. Let y = q + s. What is the tens digit of y?
0
Let x(b) = 55*b + 8352 + 30*b - 8281. What is the units digit of x(4)?
1
Let w = 1749 + -703. What is the tens digit of w?
4
Let h(x) = -x**3 + 19*x**2 + 5*x - 42. Let j be h(18). Suppose -3*p = -2*d - 280, 2*p - 6*p = -4*d - j. What is the units digit of p?
4
Suppose 0*h = 5*h + 10. What is the units digit of ((-356)/h)/((-12)/(-60)*2)?
5
Let t be (4 + (-92)/10)*5. Let d = 31 + t. Suppose 8 = -s - d*z, 0*z = 5*s + 5*z - 60. What is the units digit of s?
7
Let d(m) = m**3 - 33*m**2 + 2*m - 34. Suppose 0 = 4*o - 15 - 117. What is the tens digit of d(o)?
3
Let h(r) = r**2 + r. Let l be h(0). Suppose -2*t + 25 = z, l = 4*t + 3*z - 2*z - 47. Suppose -2*u = -13 - t. What is the tens digit of u?
1
Suppose 0 = -14*x + 391246 + 2616. What is the units digit of x?
3
Let p = 59 - 59. What is the tens digit of (p + 1 + -3)/((-9)/909)?
0
Suppose w - 6*s = -7*s + 9, 5*s - 5 = 5*w. Let k(d) = 16*d**2 + 10*d - 10. What is the hundreds digit of k(w)?
2
Let d = 13286 - 5175. What is the thousands digit of d?
8
Suppose 5*h - d - 33 = -3*d, 5*d = 20. Let m(f) = 2*f**3 - 4*f**2 + f + 2. Let b be m(2). Suppose 0 = h*a - b*a - 159. What is the hundreds digit of a?
1
Let o(m) = -3*m**3 + 5*m**2 - 5. Let y(n) = 2*n**3 - 3*n**2 + 2. Let a(q) = 3*o(q) + 5*y(q). Suppose -17 - 7 = -8*z. What is the tens digit of a(z)?
2
Let h be (-97002)/(-27) - (-10)/(-15). Suppose 5*t + n + 272 = h, t - 664 = -3*n. What is the units digit of t?
4
Let c(i) = -i**2 - 11*i - 18. Let g be c(-8). Suppose g*j - 234 = 3*j. What is the tens digit of (3/(-3) - (-3)/(-3)) + j?
7
Suppose -3*t + 147 = 5*h, 4*t - 295 + 64 = 5*h. Let o be (-2 + 0 + 1)*-157. Suppose -t = n - o. What is the hundreds digit of n?
1
Let q(s) = -127*s - 531. What is the thousands digit of q(-29)?
3
Suppose -2*k = -5*k + 2*p - 1, -k + 3 = p. Let a(l) be the second derivative of 11*l**4/2 + l. What is the units digit of a(k)?
6
Let h = 112794 + -76913. What is the tens digit of h?
8
Suppose -2*z - 5*h = -23515, -3*z + 35210 = 19*h - 24*h. What is the units digit of z?
5
Let y(h) = -14*h + 4. Let s = -52 - -50. Let w be y(s). Suppose 0 = w*k - 30*k - 42. What is the tens digit of k?
2
Let f(a) = a**3 + 26*a**2 - 55*a - 280. What is the thousands digit of f(-17)?
3
Suppose 3*t + 239 = -43. Let u = t + 114. What is the units digit of 5/u*-394*-2?
7
Let m(a) = -73*a - 24. Let y(p) = -146*p - 48. Let l(i) = 7*m(i) - 3*y(i). Let c(f) = -24*f - 8. Let q(x) = 8*c(x) - 3*l(x). What is the hundreds digit of q(5)?
1
What is the tens digit of 255531/76*12/9?
8
Let m = 68 - 43. Suppose y = 34 - m. Suppose -y*s = 180 - 711. What is the tens digit of s?
5
Let y(w) = 6704*w + 2395. What is the ten thousands digit of y(6)?
4
Let p(g) = -9*g**3 - 17*g**2 + 48*g + 115. What is the ten thousands digit of p(-12)?
1
Suppose 7*y = 19 - 61. Let j be 2/8*y*(-4)/(-3). What is the units digit of (122 - -1) + j/(-1)?
5
Suppose -8*q = -3*q - 560. Suppose r - 20 = -q. Let m = r - -174. What is the tens digit of m?
8
Let j = 3376 + 619. Suppose j = 9*k - 4*k. What is the units digit of k?
9
Let p(b) be the first derivative of -3*b + 5*b**3 + 100 + 4*b - 122. What is the units digit of p(3)?
6
Let b be ((-3)/(-1))/((-18)/(-150)*-5). What is the tens digit of 17008/40 - b/(-25)?
2
Suppose -2*p - 4 = -3*p. Let n(j) = 2*j**2 - 7*j + 6. Let x be n(p). Suppose 0 = -6*f + x*f - 236. What is the tens digit of f?
5
Suppose 5*t = -5*d + 119288 - 41433, 11*t = 4*d - 62269. What is the thousands digit of d?
5
Suppose 38*a = 41*a - 6210. Suppose 6*f - a = -5*j + f, -434 = -j + 3*f. What is the units digit of j?
9
Suppose -3*v - 14 = p + 3*p, 23 = -v - 5*p. Suppose 0 = j - 5*j + 2*c, -v*j + 3*c = 8. Suppose -j*t - 18 = -100. What is the tens digit of t?
4
Let m = -74 - -192. Suppose -7*q + 743 = -m. What is the tens digit of q?
2
Suppose 0 = -4*c, 50 = -5*r - 0*c - 3*c. Let p be (5/r)/(1/290). Let s = 4 - p. What is the tens digit of s?
4
Suppose -15*y + 15650 = -118330. Suppose -22*w = -8*w - y. What is the tens digit of w?
3
Suppose 13*p - 88784 = 27*p - 22*p. What is the units digit of p?
8
What is the tens digit of -1*-8860*40/100?
4
Let g = -3843 + 12282. What is the tens digit of g?
3
Suppose 92*b = 1420571 - 402223. What is the units digit of b?
9
Let a be (-6)/(-2)*21/(-9)*-3. Suppose -4*w = 5*n + 73, n - 2*w - 17 = 2*n. Let y = a + n. What is the units digit of y?
8
Let i(d) = 24*d**2 - 17*d - 57. Let m be i(-5). What is the tens digit of m/3*(-12)/(-8)?
1
Suppose 3*h - 602 = -u, -2970 = -5*u - 7*h + 2*h. Suppose 1744 = 5*b - 4*i + 199, u = 2*b + 4*i. What is the units digit of b?
5
Suppose 9*i = -i + 20. Suppose t - 3*l = 26, -5*l - 4 - 49 = -i*t. What is the tens digit of t?
2
What is the ten thousands digit of 5 - ((-71)/2)/(8/4032)?
1
Let j(w) = 18*w**2 - 26*w - 5. Let a be j(6). Let x = a + -96. What is the tens digit of x?
9
Let f = 9003 + -1538. What is the hundreds digit of f?
4
What is the thousands digit of (1547 + 42)/((-2)/(-4))?
3
What is the thousands digit of 23172 - ((-3)/9*-4 - (-1166)/(-159))?
3
Let x = 29 + -1. Suppose m - x = -6*m. Suppose s + z + 213 = 6*s, -8 = -m*z. What is the units digit of s?
3
Suppose -6*y + 17 = -139. Let i(o) = 19 + 18*o - y + 14. What is the tens digit of i(11)?
0
Let a(k) = -6*k - 216. Let f be a(-36). Suppose f = -65*m + 61*m + 4272. What is the thousands digit of m?
1
Let c(i) = -17*i + 9. Let z = 41 - 51. Let w be -3 - (2/z + 1/5). What is the tens digit of c(w)?
6
Let u = 21 - 28. Let v = -7 - u. Suppose v = 2*k - 83 - 187. What is the tens digit of k?
3
Suppose -12 = -14*a + 11*a. Suppose -2*h - 4*f + 214 = 0, -215 = 2*h - a*h - 5*f. Suppose -h = -4*y + 3*y. What is the hundreds digit of y?
1
Let o(t) = t - 3. Let b be o(-3). Let k(i) = -11*i - 18. Let d be k(b). Suppose -10*w + d = -6*w. What is the